= 2*i - 3*n, -11 = 4*i - n. Let g = 6 + i. Suppose -15 = -s + 3*q, -2*q + 62 = g*s - 5. What is the tens digit of s?
2
Let q(w) = 158*w + 5. Let r(s) = 157*s + 4. Let y(i) = 6*q(i) - 7*r(i). What is the tens digit of y(-1)?
5
Let q(y) = 2*y + 9. Let p be q(-5). What is the units digit of ((-17)/(-2) - p)*2?
9
Let b be (1/(-3))/(4/(-24)). Suppose 0 = b*y + y - 270. What is the tens digit of y?
9
Suppose 2*k - 710 + 4 = 0. Suppose 0 = -3*d + 9, -4*u + 6*d = d - k. What is the units digit of u?
2
Let j = -85 - -368. Suppose 0 = -8*z + j + 605. What is the units digit of z?
1
What is the tens digit of (-327)/(-1)*20/30?
1
Let v(y) = y**2 - 5*y - 3. Let h be v(6). Suppose -r + 760 = h*r. What is the hundreds digit of r?
1
Let d = -620 - -1622. What is the units digit of d?
2
What is the units digit of 13392/34 + 2/17?
4
Let b be -7*36*1/28*-2. Let g = b - -9. What is the units digit of g?
7
Let t(c) = 14*c**3 + 4*c**2 - 3*c - 4. What is the tens digit of t(3)?
0
Suppose 24*x - 19968 = -0*x. What is the units digit of x?
2
Let l = 1805 + -1155. What is the tens digit of l?
5
Suppose -7*y = -3*y - 16. Suppose 351 = -t + y*t. Suppose -2*i = i - t. What is the units digit of i?
9
Suppose 0 = -8*z + 163 - 51. Let r(p) = -p**2 + 17*p + 12. What is the units digit of r(z)?
4
Let d = 36 - 17. Suppose 4*o - 849 = d. Let n = o - 155. What is the tens digit of n?
6
Let x = -313 - -2095. What is the units digit of x?
2
Let n(z) = -z**3 + 8*z**2 + 3. Let v be n(8). Suppose 5 = -4*p - v. Let l(o) = -7*o. What is the tens digit of l(p)?
1
Let v = -1315 + 1811. What is the tens digit of v?
9
Let a = 24 - 59. What is the tens digit of (28/(-30) - 21/a)*-219?
7
Suppose -1885 = -14*y + 2735. What is the tens digit of y?
3
Suppose 4*y + 4*q - 612 = 0, 3*y + 5*q = 4*q + 455. What is the tens digit of y?
5
Let q(f) = f**3 - 21*f**2 + 21*f - 16. Let w be q(20). Suppose 0 = -4*l - 4*n + 468, 3*l + 0*n - w*n - 351 = 0. What is the hundreds digit of l?
1
Let n be (-8)/10*(-1290)/12. Let k = n + -35. What is the tens digit of k?
5
Let p be 108/(-45)*(-75)/6. Suppose -2*n + 16 = u - 4*n, u + 5*n = p. What is the units digit of u?
0
Let y = 1983 - 988. What is the tens digit of y?
9
Let u = 1293 + 789. What is the hundreds digit of u?
0
Suppose -2*o + 6789 - 1305 = 0. What is the hundreds digit of o?
7
Let m(g) = -g**2 + 20*g + 36. Let x be m(18). Let q = x - 30. What is the units digit of q?
2
Suppose -l - 41 = 4*f, -3*l = -2*f + 76 - 23. What is the tens digit of 12/((6/l)/(-2))?
8
What is the hundreds digit of (39/13 - -4998) + 0?
0
Let f(j) be the first derivative of 17*j**2/2 + 10*j - 6. What is the tens digit of f(10)?
8
Suppose -2190 - 728 = -4*n + 2*a, n - 3*a - 732 = 0. What is the tens digit of n?
2
Suppose 0 = -r - 0*r - 61. Let z = 110 + r. What is the tens digit of z?
4
Suppose 0 = 5*m + 3*j - 2963, 4*m + j - 775 = 1601. What is the hundreds digit of m?
5
Let d = -25 - -27. Suppose d*f = -3*f - 15. What is the tens digit of 1*40*f/(-2)?
6
Suppose -3*a - 6 = -4*h, -3*a + a + 5*h + 3 = 0. Let d be 20/15 + (-4)/a. Suppose -d*p = -p + 5*g - 16, g = -1. What is the units digit of p?
1
What is the hundreds digit of (12 + 139)*(9 + -4)?
7
Let a(g) = 117*g**2 - 1. Let k be a(1). Let l(u) = -58*u**2 + 2. Let b be l(1). Let t = k + b. What is the tens digit of t?
6
Let a be (2*-1)/((-2)/13). Suppose -7*q = -3*q - 2*t - 60, -q = -t - a. What is the tens digit of q?
1
Suppose 4 = -2*b + 8. Suppose -b*j + 71 = -97. Suppose -5*p + j = 9. What is the tens digit of p?
1
Let h = 32 + -18. What is the units digit of h/4 - (-5)/10?
4
Let s(d) = -d**2 - 3*d + 1. Let o be s(-3). Let y(c) = 40*c**2 - 2*c + 2. What is the units digit of y(o)?
0
Let w(f) = -f**3 + 12*f**2 + 5. Let t(d) = -d**3 - d + 1. Let k(n) = 2*t(n) - w(n). Let u be k(-12). Let h = u + -15. What is the units digit of h?
6
Let p(q) = -40*q - 2. What is the units digit of p(-8)?
8
Let a(h) be the second derivative of h**4/6 - h**3 - 5*h**2/2 - 4*h. Let b be ((-10)/4)/(5/(-10)). What is the tens digit of a(b)?
1
Suppose 2*k + 23 = -k + y, 5*k + 2*y = -53. Let c be 1*(2 + k/3). What is the units digit of 31 - (-1 + c)/(-1)?
9
Let d = -87 + 191. What is the tens digit of d?
0
Suppose a - 109 = 3*p + 64, -p - 2 = 0. What is the hundreds digit of a?
1
Let l(v) = 193*v - 2. What is the tens digit of l(2)?
8
Let x = 866 - 1385. Let u = -303 - x. What is the units digit of u?
6
Suppose -t - 8 = -2*d, 3*d - 11 = 4. Let s(u) = -u**3 + 3*u**2 - u. Let o be s(t). Suppose o*h = -0*h + 26. What is the units digit of h?
3
Let z(y) = -y**2 - 13*y - 15. Let t be z(-10). Suppose t = 4*m + m. What is the units digit of m*1 - (-3 - -2)?
4
Let h(u) be the third derivative of u**6/30 - u**5/20 + 7*u**4/24 - 5*u**3 + 2*u**2 - u. What is the units digit of h(4)?
6
Let j(y) = -y. Let s(u) = 2*u**3 - 3*u**2 + u - 1. Let g(h) = -3*j(h) - s(h). What is the tens digit of g(-3)?
7
Suppose t - 10 = 2. Suppose -6 = o - t. Suppose -2*s = -o*s + 72. What is the units digit of s?
8
Let u be (-228)/(-16) + (-2)/8. Let y(m) be the first derivative of -m**4/4 + 14*m**3/3 + 5*m**2/2 + 9*m - 1. What is the tens digit of y(u)?
7
Let p(n) = -181*n + 313. What is the tens digit of p(-9)?
4
Suppose 21*v = -259 + 4963. What is the hundreds digit of v?
2
Let j(r) be the second derivative of 25*r**4/12 + r**3/6 + 13*r**2/2 - 27*r. What is the units digit of j(-3)?
5
Let k = -46 - -52. Suppose -2 + 44 = k*h. What is the units digit of h?
7
Let c be (-1 - 21)/2 + 0. Let b(x) = -13 + 5*x + x**2 + x + 0*x. What is the units digit of b(c)?
2
Suppose 4*c = -3*l + 2590, 29*l = 26*l + 2*c + 2602. What is the tens digit of l?
6
Let j = 994 - 455. What is the tens digit of j?
3
Suppose -6*a + 1652 = -430. What is the hundreds digit of a?
3
Suppose s + 4*s + 20 = 0. Let o be -2 - (-7 - s)*9. Suppose 25 = h - 4*z, 4*h - o = 2*z - z. What is the units digit of h?
5
Let d = 978 + 484. What is the thousands digit of d?
1
Suppose 0 = 11*v - 5171 - 5301. What is the units digit of v?
2
Suppose -2*j + 4*f + 538 = 0, 5*j + 5*f - 955 - 360 = 0. What is the tens digit of j?
6
Let d = 8042 + -4488. What is the units digit of d?
4
Suppose -5*u + 1564 = -4*c, -u + 0*u + 300 = -4*c. Let a = -187 + u. What is the units digit of a?
9
Let z(n) = n**2 - 4*n - 1. Let j be z(4). Let v be (-732)/(-6) + j*2. Suppose -v = -q - 3*q. What is the units digit of q?
0
Suppose 0 = -13*p + 5961 - 1710. What is the units digit of p?
7
Let r be 13 + -17 - 2617*-1. Suppose -s - 12*s = -r. What is the units digit of s?
1
Suppose -j = -15 + 4. Let r(l) = -l**3 + 10*l**2 + 13*l - 15. Let w be r(j). Suppose w*p = 9*p - 10. What is the units digit of p?
5
Let u(i) = -i**2 + 12*i + 3. Let r be u(12). Suppose 4*f + 0*f + 5*t - 188 = 0, 94 = 2*f - r*t. What is the tens digit of f?
4
Let g be 12/(0/1 - -2). Let j be (-172)/(-20) - g/10. Let x(n) = -n**3 + 9*n**2 - 7*n + 1. What is the units digit of x(j)?
9
Let j(q) = -3*q + 9*q - 5*q + 3*q**2 - q**3. Let s be j(-2). Suppose -20 = s*m - 19*m. What is the units digit of m?
0
What is the tens digit of (-2)/10 - ((-41366)/65)/2?
1
What is the units digit of 3539 - (-8*(-2)/(-4) + -3)?
6
Suppose -3*s = s. Suppose 19 + 1 = 2*q. Suppose -q = 5*m - s, -b = m - 2. What is the units digit of b?
4
Let u = -35 + 39. Suppose u*z - 9*z = -175. What is the units digit of z?
5
Let w(z) = -z**3 + 2*z**2 + 3*z - 4. Let f be w(2). Suppose g + f = 6. What is the units digit of g?
4
Let h be -5 + (0 - 3) + 9. What is the tens digit of (184 + h + -2)*7/7?
8
Suppose -5*f + 6*i - 25 = 3*i, -2*i = 0. Let t = f + 6. What is the tens digit of 399/12 - t/4?
3
Let d be ((-2)/(-6))/((-2)/(-12)). Let r be (2*d)/(4 + -3). Suppose -8*g + 3*a + 39 = -r*g, -4*a + 10 = 5*g. What is the units digit of g?
6
Let f(n) be the first derivative of n**3/3 - 4*n + 5. Let z be f(-3). Suppose 0*t = -5*y - z*t + 60, -5*y - 4*t + 58 = 0. What is the units digit of y?
0
Suppose -32*l - 184656 = -80*l. What is the units digit of l?
7
Let m(w) = 15*w + 6. Suppose 2*a = -3*p + 37, -4*p - 5*a + 17 = -44. What is the hundreds digit of m(p)?
1
Let j = -62 - -114. What is the tens digit of j - (-2 + 2 - -2)?
5
Suppose 3659 + 2251 = 5*o. What is the units digit of o?
2
Let v(u) = -u + 18. Let w be v(11). Let x = w - -